{"id":146,"date":"2022-09-18T22:39:52","date_gmt":"2022-09-18T22:39:52","guid":{"rendered":"http:\/\/municipalidaddegeneralpaz.gob.ar\/?page_id=146"},"modified":"2024-06-19T14:50:53","modified_gmt":"2024-06-19T14:50:53","slug":"loma-verde","status":"publish","type":"page","link":"https:\/\/municipalidaddegeneralpaz.gob.ar\/index.php\/loma-verde\/","title":{"rendered":"Loma Verde"},"content":{"rendered":"\t\t<div data-elementor-type=\"wp-page\" data-elementor-id=\"146\" class=\"elementor elementor-146\">\n\t\t\t\t\t\t<section class=\"elementor-section elementor-top-section elementor-element elementor-element-67a3a2c elementor-section-boxed elementor-section-height-default elementor-section-height-default\" data-id=\"67a3a2c\" data-element_type=\"section\">\n\t\t\t\t\t\t<div class=\"elementor-container elementor-column-gap-default\">\n\t\t\t\t\t<div class=\"elementor-column elementor-col-50 elementor-top-column elementor-element elementor-element-547ec5c\" data-id=\"547ec5c\" data-element_type=\"column\">\n\t\t\t<div class=\"elementor-widget-wrap elementor-element-populated\">\n\t\t\t\t\t\t<div class=\"elementor-element elementor-element-3f657e2 elementor-widget elementor-widget-image\" data-id=\"3f657e2\" data-element_type=\"widget\" data-widget_type=\"image.default\">\n\t\t\t\t<div class=\"elementor-widget-container\">\n\t\t\t\t\t\t\t\t\t\t\t\t\t<img fetchpriority=\"high\" decoding=\"async\" width=\"300\" height=\"300\" src=\"https:\/\/municipalidaddegeneralpaz.gob.ar\/wp-content\/uploads\/2024\/06\/Marcelo-Mendilahatzu-Delegado-Municipal-en-Loma-Verde.jpg\" class=\"attachment-large size-large wp-image-1808\" alt=\"\" srcset=\"https:\/\/municipalidaddegeneralpaz.gob.ar\/wp-content\/uploads\/2024\/06\/Marcelo-Mendilahatzu-Delegado-Municipal-en-Loma-Verde.jpg 300w, https:\/\/municipalidaddegeneralpaz.gob.ar\/wp-content\/uploads\/2024\/06\/Marcelo-Mendilahatzu-Delegado-Municipal-en-Loma-Verde-150x150.jpg 150w\" sizes=\"(max-width: 300px) 100vw, 300px\" \/>\t\t\t\t\t\t\t\t\t\t\t\t\t<\/div>\n\t\t\t\t<\/div>\n\t\t\t\t\t<\/div>\n\t\t<\/div>\n\t\t\t\t<div class=\"elementor-column elementor-col-50 elementor-top-column elementor-element elementor-element-fa51cd5\" data-id=\"fa51cd5\" data-element_type=\"column\">\n\t\t\t<div class=\"elementor-widget-wrap elementor-element-populated\">\n\t\t\t\t\t\t<div class=\"elementor-element elementor-element-bb45508 elementor-widget elementor-widget-heading\" data-id=\"bb45508\" data-element_type=\"widget\" data-widget_type=\"heading.default\">\n\t\t\t\t<div class=\"elementor-widget-container\">\n\t\t\t<h2 class=\"elementor-heading-title elementor-size-default\">Delegado Municipal<\/h2>\t\t<\/div>\n\t\t\t\t<\/div>\n\t\t\t\t<div class=\"elementor-element elementor-element-987c8bb elementor-widget elementor-widget-heading\" data-id=\"987c8bb\" data-element_type=\"widget\" data-widget_type=\"heading.default\">\n\t\t\t\t<div class=\"elementor-widget-container\">\n\t\t\t<h4 class=\"elementor-heading-title elementor-size-default\">Marcelo Mendilahatzu<\/h4>\t\t<\/div>\n\t\t\t\t<\/div>\n\t\t\t\t\t<\/div>\n\t\t<\/div>\n\t\t\t\t\t<\/div>\n\t\t<\/section>\n\t\t\t\t<section class=\"elementor-section elementor-top-section elementor-element elementor-element-6e7d98b elementor-section-full_width elementor-section-height-default elementor-section-height-default\" data-id=\"6e7d98b\" data-element_type=\"section\">\n\t\t\t\t\t\t<div class=\"elementor-container elementor-column-gap-default\">\n\t\t\t\t\t<div class=\"elementor-column elementor-col-100 elementor-top-column elementor-element elementor-element-3225bdf\" data-id=\"3225bdf\" data-element_type=\"column\">\n\t\t\t<div class=\"elementor-widget-wrap elementor-element-populated\">\n\t\t\t\t\t\t<div class=\"elementor-element elementor-element-5339fbb elementor-widget elementor-widget-heading\" data-id=\"5339fbb\" data-element_type=\"widget\" data-widget_type=\"heading.default\">\n\t\t\t\t<div class=\"elementor-widget-container\">\n\t\t\t<h2 class=\"elementor-heading-title elementor-size-default\">Rese\u00f1a hist\u00f3rica<\/h2>\t\t<\/div>\n\t\t\t\t<\/div>\n\t\t\t\t\t<\/div>\n\t\t<\/div>\n\t\t\t\t\t<\/div>\n\t\t<\/section>\n\t\t\t\t<section class=\"elementor-section elementor-top-section elementor-element elementor-element-4c38320 elementor-section-full_width elementor-section-height-default elementor-section-height-default\" data-id=\"4c38320\" data-element_type=\"section\">\n\t\t\t\t\t\t<div class=\"elementor-container elementor-column-gap-default\">\n\t\t\t\t\t<div class=\"elementor-column elementor-col-100 elementor-top-column elementor-element elementor-element-bdce1dc\" data-id=\"bdce1dc\" data-element_type=\"column\">\n\t\t\t<div class=\"elementor-widget-wrap elementor-element-populated\">\n\t\t\t\t\t\t<div class=\"elementor-element elementor-element-60bf3b8 elementor-widget elementor-widget-text-editor\" data-id=\"60bf3b8\" data-element_type=\"widget\" data-widget_type=\"text-editor.default\">\n\t\t\t\t<div class=\"elementor-widget-container\">\n\t\t\t\t\t\t\t<p dir=\"ltr\" style=\"line-height:1.3900000000000001;text-align: justify;margin-top:0pt;margin-bottom:8pt;\"><span style=\"font-size:12pt;font-family:Arial,sans-serif;color:#000000;background-color:#ffffff;font-weight:400;font-style:normal;font-variant:normal;text-decoration:none;vertical-align:baseline;white-space:pre;white-space:pre-wrap;\">Loma Verde es una de las localidades que conforman el partido de General Paz. El 18 de septiembre de 1911, la empresa del Ferrocarril denomin\u00f3 \u00abLoma Verde\u00bb a esta estaci\u00f3n, que era la parada intermedia del Ferrocarril Provincial de Buenos Aires para los servicios interurbanos y de carga hacia y desde La Plata, Mira Pampa, Loma Negra y Azul. Su nombre se debe a que su extensa lomada permanec\u00eda cubierta de pastos de un verde intenso que conservaban su color la mayor parte del a\u00f1o.<\/span><\/p><p dir=\"ltr\" style=\"line-height:1.3900000000000001;text-align: justify;margin-top:0pt;margin-bottom:8pt;\"><span style=\"font-size:12pt;font-family:Arial,sans-serif;color:#000000;background-color:#ffffff;font-weight:400;font-style:normal;font-variant:normal;text-decoration:none;vertical-align:baseline;white-space:pre;white-space:pre-wrap;\">En la actualidad, la antigua Estaci\u00f3n de Ferrocarril, situada en la calle Intendente Chiramberro, se ha resignificado en un espacio para la comunidad donde funcionan varios sitios del pueblo. El Jard\u00edn de Infantes n\u00ba 902 \u201cC\u00e1ndido Moneo Saenz\u201d y, al lado, la Biblioteca Municipal Loma Verde. La pileta municipal que se abre a la localidad durante la temporada de verano, el Polideportivo, donde encontramos la Plazoleta Tte. Coronel Conde, el galp\u00f3n de la Estaci\u00f3n que conserva su antigua fachada, donde se practican distintos deportes y se utiliza para diversos eventos. Adem\u00e1s, cuenta con canchas de tenis, f\u00fatbol, p\u00e1del, v\u00f3ley, hockey, b\u00e1squet, y handball en el play\u00f3n \u201cAtleta Lis Scaroni\u201d. Con un gran espacio verde natural que cuenta con parrillas, mesas y ba\u00f1os, es ideal para pasar el d\u00eda en un ambiente c\u00e1lido de pueblo. Este espacio concluye en la calle Rivadavia, donde se sit\u00faa el recientemente inaugurado SUM de la Comunidad, un sal\u00f3n de usos m\u00faltiples donde se ofrecen diversos talleres culturales para todas las edades, promoviendo un espacio para el aprendizaje pero tambi\u00e9n de recreaci\u00f3n y esparcimiento.<\/span><\/p><p dir=\"ltr\" style=\"line-height:1.3900000000000001;text-align: justify;margin-top:0pt;margin-bottom:8pt;\"><span style=\"font-size:12pt;font-family:Arial,sans-serif;color:#000000;background-color:#ffffff;font-weight:400;font-style:normal;font-variant:normal;text-decoration:none;vertical-align:baseline;white-space:pre;white-space:pre-wrap;\">Otros establecimientos destacados de Loma Verde incluyen la Capilla Sagrado Coraz\u00f3n de Jes\u00fas, inaugurada el 10 de febrero de 1985, convirti\u00e9ndose en la primera capilla lomaverdense; el Club Los Merinos con su t\u00edpica cancha de bochas y, enfrente, la plaza de juegos infantiles que lleva el mismo nombre; el cuartel de Bomberos Voluntarios; y los establecimientos educativos como la escuela primaria y secundaria. La delegaci\u00f3n municipal que brinda atenci\u00f3n a los ciudadanos y cuenta con un cajero del Banco Provincia al lado y el destacamento policial enfrente. Para la atenci\u00f3n de la salud de los lomaverdenses, tambi\u00e9n hay un Centro de Atenci\u00f3n Primaria de la Salud (CAPS) con una amplia cartilla m\u00e9dica y ambulancia para atender las urgencias.<\/span><\/p><p><span id=\"docs-internal-guid-d045e4f8-7fff-5d83-1640-88055ddc176d\"><\/span><\/p><p dir=\"ltr\" style=\"line-height:1.3900000000000001;text-align: justify;margin-top:0pt;margin-bottom:8pt;\"><span style=\"font-size:12pt;font-family:Arial,sans-serif;color:#000000;background-color:#ffffff;font-weight:400;font-style:normal;font-variant:normal;text-decoration:none;vertical-align:baseline;white-space:pre;white-space:pre-wrap;\">Cada septiembre, vecinos de todo el distrito asisten a las celebraciones para conmemorar la fecha de su fundaci\u00f3n. En tal sentido, se realizan desfiles de las instituciones locales, desfiles tradicionalistas, shows musicales, espect\u00e1culos culturales, patios gastron\u00f3micos, ferias de artesanos y almuerzos.<\/span><\/p>\t\t\t\t\t\t<\/div>\n\t\t\t\t<\/div>\n\t\t\t\t\t<\/div>\n\t\t<\/div>\n\t\t\t\t\t<\/div>\n\t\t<\/section>\n\t\t\t\t<\/div>\n\t\t","protected":false},"excerpt":{"rendered":"<p>Delegado Municipal Marcelo Mendilahatzu Rese\u00f1a hist\u00f3rica Loma Verde es una de las localidades que conforman el partido de General Paz. El 18 de septiembre de 1911, la empresa del Ferrocarril denomin\u00f3 \u00abLoma Verde\u00bb a esta estaci\u00f3n, que era la parada intermedia del Ferrocarril Provincial de Buenos Aires para los servicios interurbanos y de carga hacia [&hellip;]<\/p>\n","protected":false},"author":1,"featured_media":0,"parent":0,"menu_order":0,"comment_status":"closed","ping_status":"closed","template":"","meta":{"om_disable_all_campaigns":false,"_monsterinsights_skip_tracking":false,"_monsterinsights_sitenote_active":false,"_monsterinsights_sitenote_note":"","_monsterinsights_sitenote_category":0,"footnotes":""},"class_list":["post-146","page","type-page","status-publish","hentry"],"aioseo_notices":[],"_links":{"self":[{"href":"https:\/\/municipalidaddegeneralpaz.gob.ar\/index.php\/wp-json\/wp\/v2\/pages\/146"}],"collection":[{"href":"https:\/\/municipalidaddegeneralpaz.gob.ar\/index.php\/wp-json\/wp\/v2\/pages"}],"about":[{"href":"https:\/\/municipalidaddegeneralpaz.gob.ar\/index.php\/wp-json\/wp\/v2\/types\/page"}],"author":[{"embeddable":true,"href":"https:\/\/municipalidaddegeneralpaz.gob.ar\/index.php\/wp-json\/wp\/v2\/users\/1"}],"replies":[{"embeddable":true,"href":"https:\/\/municipalidaddegeneralpaz.gob.ar\/index.php\/wp-json\/wp\/v2\/comments?post=146"}],"version-history":[{"count":28,"href":"https:\/\/municipalidaddegeneralpaz.gob.ar\/index.php\/wp-json\/wp\/v2\/pages\/146\/revisions"}],"predecessor-version":[{"id":1817,"href":"https:\/\/municipalidaddegeneralpaz.gob.ar\/index.php\/wp-json\/wp\/v2\/pages\/146\/revisions\/1817"}],"wp:attachment":[{"href":"https:\/\/municipalidaddegeneralpaz.gob.ar\/index.php\/wp-json\/wp\/v2\/media?parent=146"}],"curies":[{"name":"wp","href":"https:\/\/api.w.org\/{rel}","templated":true}]}}